5
What is the remainder when 1600 is divided by 42?
4
What is the remainder when 1275 is divided by 249?
30
Calculate the remainder when 257 is divided by 43.
42
Calculate the remainder when 804 is divided by 51.
39
What is the remainder when 3746 is divided by 4?
2
What is the remainder when 366 is divided by 93?
87
What is the remainder when 9586 is divided by 12?
10
Calculate the remainder when 1450 is divided by 11.
9
Calculate the remainder when 1479 is divided by 729.
21
Calculate the remainder when 162 is divided by 120.
42
What is the remainder when 1877 is divided by 45?
32
What is the remainder when 5307 is divided by 64?
59
What is the remainder when 291 is divided by 51?
36
What is the remainder when 376 is divided by 25?
1
What is the remainder when 2347 is divided by 157?
149
Calculate the remainder when 862 is divided by 18.
16
What is the remainder when 753 is divided by 42?
39
What is the remainder when 105 is divided by 15?
0
What is the remainder when 1593 is divided by 29?
27
What is the remainder when 10604 is divided by 48?
44
What is the remainder when 111 is divided by 75?
36
Calculate the remainder when 353 is divided by 177.
176
Calculate the remainder when 1614 is divided by 54.
48
What is the remainder when 135 is divided by 7?
2
Calculate the remainder when 43 is divided by 14.
1
Calculate the remainder when 11 is divided by 8.
3
Calculate the remainder when 191 is divided by 23.
7
What is the remainder when 201 is divided by 52?
45
Calculate the remainder when 109 is divided by 22.
21
Calculate the remainder when 212 is divided by 73.
66
What is the remainder when 17 is divided by 1?
0
What is the remainder when 64 is divided by 34?
30
What is the remainder when 60 is divided by 31?
29
What is the remainder when 240 is divided by 81?
78
Calculate the remainder when 115 is divided by 56.
3
Calculate the remainder when 617 is divided by 79.
64
What is the remainder when 356 is divided by 26?
18
Calculate the remainder when 683 is divided by 54.
35
Calculate the remainder when 166 is divided by 4.
2
What is the remainder when 171 is divided by 162?
9
What is the remainder when 175 is divided by 81?
13
What is the remainder when 142 is divided by 32?
14
What is the remainder when 63 is divided by 16?
15
What is the remainder when 410 is divided by 75?
35
Calculate the remainder when 244 is divided by 7.
6
What is the remainder when 698 is divided by 50?
48
What is the remainder when 662 is divided by 21?
11
Calculate the remainder when 462 is divided by 8.
6
What is the remainder when 403 is divided by 195?
13
What is the remainder when 81 is divided by 7?
4
What is the remainder when 1749 is divided by 25?
24
What is the remainder when 7366 is divided by 55?
51
Calculate the remainder when 310 is divided by 38.
6
What is the remainder when 995 is divided by 53?
41
What is the remainder when 268 is divided by 52?
8
Calculate the remainder when 4757 is divided by 78.
77
Calculate the remainder when 312 is divided by 6.
0
What is the remainder when 861 is divided by 832?
29
Calculate the remainder when 1100 is divided by 281.
257
Calculate the remainder when 748 is divided by 146.
18
What is the remainder when 52 is divided by 27?
25
Calculate the remainder when 15283 is divided by 24.
19
Calculate the remainder when 78 is divided by 24.
6
What is the remainder when 108 is divided by 68?
40
What is the remainder when 9253 is divided by 89?
86
Calculate the remainder when 6417 is divided by 45.
27
What is the remainder when 449 is divided by 62?
15
What is the remainder when 649 is divided by 94?
85
What is the remainder when 144 is divided by 135?
9
Calculate the remainder when 8329 is divided by 119.
118
What is the remainder when 591 is divided by 27?
24
What is the remainder when 168 is divided by 44?
36
Calculate the remainder when 129 is divided by 44.
41
Calculate the remainder when 8215 is divided by 99.
97
What is the remainder when 215 is divided by 200?
15
Calculate the remainder when 450 is divided by 72.
18
What is the remainder when 372 is divided by 29?
24
Calculate the remainder when 2537 is divided by 53.
46
What is the remainder when 248 is divided by 32?
24
What is the remainder when 435 is divided by 91?
71
Calculate the remainder when 1391 is divided by 56.
47
Calculate the remainder when 342 is divided by 108.
18
What is the remainder when 5602 is divided by 17?
9
What is the remainder when 523 is divided by 248?
27
What is the remainder when 164 is divided by 79?
6
Calculate the remainder when 138 is divided by 37.
27
Calculate the remainder when 217 is divided by 74.
69
Calculate the remainder when 1473 is divided by 5.
3
Calculate the remainder when 757 is divided by 76.
73
Calculate the remainder when 1264 is divided by 61.
44
What is the remainder when 305 is divided by 90?
35
What is the remainder when 308 is divided by 5?
3
Calculate the remainder when 29 is divided by 6.
5
Calculate the remainder when 1027 is divided by 1008.
19
What is the remainder when 1894 is divided by 624?
22
What is the remainder when 1164 is divided by 61?
5
What is the remainder when 6816 is divided by 31?
27
Calculate the remainder when 3391 is divided by 64.
63
What is the remainder when 131 is divided by 27?
23
What is the remainder when 251 is divided by 65?
56
What is the remainder when 96 is divided by 39?
18
What is the remainder when 699 is divided by 259?
181
Calculate the remainder when 209 is divided by 52.
1
Calculate the remainder when 313 is divided by 21.
19
What is the remainder when 577 is divided by 7?
3
What is the remainder when 628 is divided by 17?
16
What is the remainder when 302 is divided by 47?
20
What is the remainder when 2848 is divided by 7?
6
Calculate the remainder when 721 is divided by 5.
1
Calculate the remainder when 650 is divided by 163.
161
What is the remainder when 231 is divided by 26?
23
Calculate the remainder when 8608 is divided by 2861.
25
Calculate the remainder when 289 is divided by 29.
28
What is the remainder when 195 is divided by 75?
45
What is the remainder when 9285 is divided by 24?
21
What is the remainder when 1144 is divided by 190?
4
Calculate the remainder when 219 is divided by 13.
11
Calculate the remainder when 96 is divided by 36.
24
Calculate the remainder when 494 is divided by 13.
0
Calculate the remainder when 447 is divided by 115.
102
What is the remainder when 4242 is divided by 4237?
5
What is the remainder when 359 is divided by 93?
80
Calculate the remainder when 251 is divided by 6.
5
What is the remainder when 208 is divided by 73?
62
Calculate the remainder when 25448 is divided by 202.
198
Calculate the remainder when 3147 is divided by 5.
2
Calculate the remainder when 1187 is divided by 47.
12
What is the remainder when 104 is divided by 55?
49
Calculate the remainder when 4176 is divided by 1383.
27
Calculate the remainder when 811 is divided by 55.
41
What is the remainder when 129 is divided by 7?
3
What is the remainder when 790 is divided by 44?
42
What is the remainder when 722 is divided by 42?
8
Calculate the remainder when 12721 is divided by 86.
79
Calculate the remainder when 809 is divided by 18.
17
Calculate the remainder when 297 is divided by 32.
9
What is the remainder when 327 is divided by 9?
3
Calculate the remainder when 5798 is divided by 100.
98
Calculate the remainder when 30012 is divided by 345.
342
What is the remainder when 192 is divided by 15?
12
What is the remainder when 37 is divided by 26?
11
Calculate the remainder when 326 is divided by 80.
6
Calculate the remainder when 4812 is divided by 172.
168
What is the remainder when 461 is divided by 22?
21
What is the remainder when 299 is divided by 43?
41
What is the remainder when 3013 is divided by 180?
133
Calculate the remainder when 590 is divided by 37.
35
What is the remainder when 1060 is divided by 250?
60
What is the remainder when 2260 is divided by 151?
146
What is the remainder when 6449 is divided by 215?
214
Calculate the remainder when 173 is divided by 29.
28
Calculate the remainder when 494 is divided by 62.
60
Calculate the remainder when 1411 is divided by 51.
34
Calculate the remainder when 1064 is divided by 67.
59
What is the r